17552353 a prime number?
False
Is 608897771 a prime number?
False
Is 8151385981 composite?
True
Is 6923549071 a composite number?
False
Is 35760444249 a composite number?
True
Is 10389600853 a prime number?
True
Is 10926816581 a prime number?
False
Is 146945227139 prime?
False
Is 1655803855 a composite number?
True
Is 349551193 composite?
True
Is 10462419482 a composite number?
True
Is 221281517 composite?
True
Is 11318302871 composite?
False
Is 60750304297 composite?
False
Is 6341817917 prime?
False
Is 2331395923 a composite number?
True
Is 159926831 a prime number?
True
Is 13017371803 a prime number?
True
Is 2228783213 a composite number?
True
Is 4618385609 composite?
True
Is 109805681 prime?
False
Is 8339079863 prime?
True
Is 803237791 a prime number?
False
Is 3060957037 prime?
True
Is 12139311517 composite?
False
Is 8894120071 a composite number?
True
Is 484193989 composite?
True
Is 288592729753 composite?
True
Is 20997406327 a prime number?
True
Is 22267643 a composite number?
False
Is 2106849413 prime?
True
Is 12970632991 a prime number?
False
Is 880981399 a composite number?
False
Is 2486269 a prime number?
True
Is 2821234495 a prime number?
False
Is 713339987 a composite number?
True
Is 3371011411 a composite number?
False
Is 4331987863 composite?
True
Is 6612373982 composite?
True
Is 31701746537 a composite number?
False
Is 34136008271 prime?
False
Is 3560694542 composite?
True
Is 30785400649 prime?
True
Is 5772964993 a prime number?
True
Is 659687491285 composite?
True
Is 50050026199 a composite number?
False
Is 236108083 a prime number?
False
Is 262750406 prime?
False
Is 170681613 composite?
True
Is 2083531091 composite?
True
Is 74686379987 a prime number?
True
Is 22930681237 composite?
False
Is 100514213639 a prime number?
False
Is 1670848063 a composite number?
True
Is 612934009 a composite number?
True
Is 3706826377 a composite number?
False
Is 120771211081 composite?
False
Is 1159219253 prime?
True
Is 17923198663 composite?
False
Is 9783071789 composite?
False
Is 6230374411 composite?
True
Is 82765303 prime?
True
Is 2275695641 a composite number?
True
Is 2534211461 prime?
False
Is 189769807 a composite number?
True
Is 4443001426 a prime number?
False
Is 1227497171 composite?
False
Is 16279079353 prime?
False
Is 2773681241 a composite number?
False
Is 133910571563 composite?
False
Is 216088721 prime?
False
Is 296173859 a prime number?
True
Is 101834685613 a composite number?
True
Is 150497790097 prime?
True
Is 2140725131 a composite number?
False
Is 57192288101 a prime number?
False
Is 4645996543 a prime number?
False
Is 3726335387 a prime number?
False
Is 725657803 a prime number?
False
Is 82331476079 a prime number?
True
Is 364087781 a prime number?
True
Is 6496622863 prime?
True
Is 1010908369 prime?
False
Is 240236939 a prime number?
True
Is 2263528741 prime?
False
Is 2227221911 prime?
True
Is 3715063409 prime?
True
Is 643966733 prime?
True
Is 77230259287 a composite number?
False
Is 2159340689 prime?
False
Is 836130524257 a composite number?
True
Is 1949308301 a prime number?
False
Is 451225307 a prime number?
False
Is 4067328283 composite?
True
Is 31761189767 composite?
False
Is 1221383239 a prime number?
True
Is 9824987 composite?
False
Is 811474637 a prime number?
True
Is 319519643 composite?
False
Is 125619413 a prime number?
True
Is 6269526313 a prime number?
False
Is 6995578531 a composite number?
False
Is 4693769923 composite?
True
Is 4069531849 a composite number?
False
Is 63188287801 composite?
False
Is 10908108067 composite?
False
Is 1239955334 a composite number?
True
Is 599610793 a composite number?
True
Is 297122361563 a prime number?
True
Is 18692833399 a prime number?
False
Is 93176835629 prime?
True
Is 7511194451 composite?
False
Is 78367209971 a prime number?
True
Is 4016500093 composite?
False
Is 5529227057 a composite number?
False
Is 3441805621 a prime number?
True
Is 2820309698 composite?
True
Is 271623659 composite?
True
Is 5988620389 prime?
False
Is 152105588201 a prime number?
False
Is 4387350785 composite?
True
Is 1114088473 a composite number?
False
Is 27757928221 prime?
False
Is 2672956301 a prime number?
False
Is 11580102899 prime?
False
Is 13580783 a prime number?
True
Is 2647389151 a composite number?
True
Is 121280937 a prime number?
False
Is 42095651 prime?
False
Is 691545103 composite?
True
Is 1260744349 a composite number?
False
Is 50478588227 prime?
True
Is 523009316101 a composite number?
False
Is 47707803557 a prime number?
False
Is 3071626619 composite?
False
Is 108743081 a composite number?
False
Is 460773673 a composite number?
True
Is 3943592297 a prime number?
True
Is 5366647921 a composite number?
False
Is 998492687 prime?
True
Is 1122148361 composite?
True
Is 1715140157 a composite number?
True
Is 3527879141 prime?
False
Is 6094189 composite?
False
Is 699198389 a prime number?
False
Is 642232037 prime?
True
Is 10299558901 a prime number?
True
Is 18313368209 a prime number?
True
Is 114298487 composite?
False
Is 9992721077 a composite number?
False
Is 43488227261 a prime number?
True
Is 5480561789 composite?
True
Is 3088495723 a composite number?
True
Is 28923010657 a composite number?
False
Is 53061594793 prime?
True
Is 7582489 composite?
False
Is 11455784719 composite?
False
Is 715434077 a composite number?
False
Is 12635872539 composite?
True
Is 630796531 a composite number?
True
Is 1018389685 prime?
False
Is 1186027561 a prime number?
True
Is 9565234039 prime?
True
Is 1016195629 prime?
True
Is 1369051903 prime?
True
Is 225311831 composite?
False
Is 38171077897 prime?
False
Is 6013390751 a composite number?
False
Is 287058023961 composite?
True
Is 7873424663 a composite number?
True
Is 303259667993 prime?
True
Is 5534744813 a composite number?
True
Is 28703449 composite?
True
Is 24504931394 composite?
True
Is 2079832451 composite?
True
Is 359260063 composite?
True
Is 841654243 a prime number?
False
Is 373255217 a prime number?
True
Is 591506989 prime?
True
Is 35224031 composite?
False
Is 3994461319 prime?
True
Is 1454203507 a prime number?
True
Is 201381919 a composite number?
False
Is 12245301889 composite?
False
Is 532884857 a prime number?
False
Is 4072863647 prime?
True
Is 187199849 composite?
True
Is 465858457 composite?
False
Is 27223987883 a prime number?
True
Is 21764328779 a composite number?
False
Is 1308677717 composite?
False
Is 6596559449 prime?
True
Is 651715807 a composite number?
False
Is 4809742547 prime?
True
Is 51385232911 a prime number?
False
Is 496491294571 a composite number?
True
Is 7080962803 prime?
False
Is 2792984683 a composite number?
True
Is 15359247169 prime?
False
Is 2992432199 a prime number?
True
Is 6060761977 prime?
True
Is 2354630153 prime?
True
Is 15442422277 a composite number?
True
Is 94997295319 prime?
True
Is 1590662662 prime?
False
Is 4225350281 composite?
True
Is 193330705 a composite number?
True
Is 83992892369 prime?
True
Is 9282763193 a prime number?
False
Is 38646610043 prime?
False
Is 675571537 prime?
True
Is 462430391 prime?
True
Is 3752659129 a composite number?
True
Is 7293431557 a composite number?
True
Is 1275766301 a prime number?
True
Is 511739093 composite?
True
Is 202368533 a composite number?
True
Is 70343498543 prime?
False
Is 533339764943 prime?
True
Is 546693577 a prime number?
False
Is 592027049 prime?
True
Is 168615563917 prime?
True
Is 1995364543 composite?
False
Is 149646266557 a prime number?
False
Is 12419324839 a prime number?
True
Is 274342241 prime?
True
Is 4988200661 a composite number?
False
Is 10451710153 prime?
True
Is 10316068187 a composite number?
True
Is 1880102521 a composite number?
True
Is 6686810129 composite?
True
Is 5273602219 a prime number?
False
Is 84181289 prime?
True
Is 2009956879 a prime number?
False
Is 1321331981 composite?
False
Is 9830454338 a composite number?
True
Is 5236254143 prime?
False
Is 6541637891 prime?
True
Is 23608680751 a prime number?
False
Is 231819593 a composite number?
False
Is 187398821 a composite number?
True
Is 3368972381 a composite number?
False
Is 8300088977 composite?
True
Is 2136965609 a composite number?
False
Is 23530007 a composite number?
False
Is 11332766699 a prime number?
False
Is 346020823 a prime number?
True
Is 177752293 prime?
True
Is 1092602387 p